 What is the units digit of q?
6
Suppose 3*k + 0*a - a - 13 = 0, -a = 2*k - 7. Suppose -k*w + 9*w = 0. Suppose 5*y = v - 3 + 40, w = -y - v + 5. What is the units digit of y?
7
Let f(g) = -g**3 - g**2 + 4*g - 1. What is the tens digit of f(-5)?
7
Suppose 8 = 2*w + 4. Suppose -5 = -d, -3*s + w*d + 22 = -s. Suppose 1 = i - s. What is the units digit of i?
7
Suppose -4*m + m = -36. Let j = -3 + m. What is the units digit of j?
9
Let h be (-2 + 15/6)*10. Let g(s) = s**3 - 6*s**2 + 5*s + 3. Let b be g(h). Suppose 0 = -b*w + 2*w + 14. What is the tens digit of w?
1
Suppose 0 = 2*l - 5*h - 76, -l = 2*l + h - 97. What is the units digit of l?
3
Let q = 757 + -506. What is the tens digit of q?
5
What is the units digit of 3*10/(-15)*-34?
8
Let s(j) = j**2 - 8. Let t be s(0). Let y = t + 13. Suppose -y*m + 9 = -61. What is the tens digit of m?
1
Suppose n + 0*n = 5*r + 23, 3*n = 5*r + 69. What is the tens digit of n?
2
Let r(s) = -s + 57. Let n be r(0). Let c(a) = -3*a - 2. Let u be c(-2). Suppose u*h + h = -q - 17, 4*q - 5*h = n. What is the units digit of q?
8
Let s = 10 + -6. Suppose -w - 1 = -o, 0 = -2*w - w + s*o - 7. Suppose -z = -j + 1, -2*j - w = -4*z + 3. What is the units digit of j?
5
Let v(b) = b - 4. Let h be v(6). Suppose h*k - 2*y = -0*y + 68, -5*k - 2*y + 142 = 0. Suppose 5*i = 2*g + k, -2*g = 3*i + g + 3. What is the units digit of i?
4
Suppose 2*w - 784 = -5*r + 5*w, 2*w = 2*r - 312. What is the hundreds digit of r?
1
Let p(u) = u**3 - 2*u**2 - u + 2. Let b be p(3). Suppose 4*m - b = 32. What is the tens digit of m?
1
Suppose -93 = 3*m + 3*c, 5*m - 3*c + 124 = m. What is the tens digit of 5/((-5)/m) + 1?
3
What is the units digit of 90/14 - (3 + (-54)/21)?
6
Let s = -69 - -91. What is the tens digit of s?
2
Suppose 0 = 3*m - m + 10. What is the units digit of (-13)/m - 6/(-15)?
3
Let r = -24 + 17. Let n(g) = -g - 7. Let h be n(r). Suppose p = 3*o - 50, h*o + o - p = 14. What is the tens digit of o?
1
Let r = -4 - -3. Let x = r + 2. What is the units digit of x?
1
Let r(j) = -j + 5. Let x be r(0). Suppose -x*c = 2*h - 114, -5*h + 46 - 133 = -3*c. Suppose -i = -2*p - 2, c = 2*i + 4*p - 3*p. What is the tens digit of i?
1
Let j(m) = -m**2 + 9*m - 10. Suppose 2*f + 3*f = 0. Suppose -4*w + 8 = -4*u, f*u - 15 = -3*u. What is the units digit of j(w)?
4
Suppose 5*z = -0*z + 5. Let h be (2 - 17)*z/(-3). What is the units digit of h + 1 + 1 + 1?
8
Let j(l) = l**2 - 13*l - 52. What is the units digit of j(19)?
2
Let s(i) = i + 28. What is the tens digit of s(16)?
4
Suppose 3*y - 5*x - 193 = 0, -x = 3*y - 0*x - 199. What is the tens digit of y?
6
Suppose i + 11*i - 1020 = 0. What is the units digit of i?
5
Let y(q) = q**2 + 3*q - 20. What is the tens digit of y(8)?
6
Suppose 5*d = -0*d. Suppose 0*a + 3*a + 306 = d. What is the tens digit of (-6)/(-9) + a/(-9)?
1
Let k = 7 + 40. Suppose 3*v = k + 4. What is the tens digit of v?
1
Suppose 0*w = 2*w - 2. What is the units digit of w?
1
Let i = 102 + -52. What is the tens digit of i?
5
Let x(r) = r - 1. Let w = 3 - 0. Suppose -w*v + 32 = v. What is the units digit of x(v)?
7
Suppose 4*x - 15 - 1 = 0. Suppose -4 = -3*t + x*t. Let m = t - -8. What is the units digit of m?
4
Let n be 16/(-28)*(-14)/4. Suppose -n*m + 0*m + 48 = 0. What is the units digit of m?
4
Let w be (-3)/(-15) - 19/(-5). Let q be w/(-12) + (-4)/6. Let k = 4 + q. What is the units digit of k?
3
What is the tens digit of 5*211/(3 - (1 - 3))?
1
Suppose 3 = 5*t - 3*a + 2, -2*t + 2*a - 2 = 0. Suppose -5*n = -8 - t. Suppose -6 = -3*y, 4*x = x - n*y + 31. What is the units digit of x?
9
Let n = -115 + 418. Let l = 525 - n. What is the units digit of l/24 + (-1)/4?
9
What is the tens digit of 465/4 + (-16)/64?
1
What is the hundreds digit of (867/204)/(110/(-112) - -1)?
2
Suppose 0 = -4*s - 0*s + 4. Let z = 9 - s. Suppose 3*q + z = 5*q. What is the units digit of q?
4
Suppose -7*b = -93 - 537. What is the tens digit of b?
9
Suppose 0 = 2*i + 2*r - 44, 3*i - r = 3*r + 73. What is the tens digit of i?
2
What is the units digit of 2 + 329 + (-3 - -1 - -2)?
1
Let p(f) = 10*f**2 - f. What is the units digit of p(1)?
9
Let q be 8/36 - (-2236)/(-18). What is the units digit of -2 + 3 - q/4?
2
Suppose -86 + 18 = -2*p - 4*n, 3*n = -3*p + 102. What is the units digit of p?
4
Suppose -4*d - d = -270. What is the tens digit of d?
5
Let q be 2/(-12) - 3858/(-36). What is the tens digit of q/7 + (-4)/14?
1
Let z be 1/((-3)/2 + 2). Suppose 0 = -4*x + z*x + 22. What is the tens digit of x?
1
Let z = 11 - 7. What is the units digit of z?
4
Suppose -3*o - 20 = -r - 4, 0 = -2*r + o + 12. Let i = r - 1. Suppose g - i*q + 11 = -8*q, -5*g - 3*q + 11 = 0. What is the units digit of g?
4
Suppose 358 = 2*u + 5*i, 3*u + u = -3*i + 744. What is the hundreds digit of u?
1
Let q(f) = -f + 1. Let r(x) = -12*x + 14. Let u(s) = 22*q(s) - 2*r(s). What is the tens digit of u(8)?
1
Suppose 4*s = 2*s + 8. Suppose s*b + 60 = -3*x - x, 4*b = -x - 63. Let u = -7 - b. What is the units digit of u?
9
What is the units digit of (-10)/(-25) - (-233)/5?
7
Let r = -5 + 8. Suppose -39 = r*s - 6*s. What is the tens digit of s?
1
Suppose 0 = 3*u - u - 190. What is the units digit of u?
5
Suppose -13 + 33 = 2*c. What is the tens digit of c/(-15) - (-35)/3?
1
Let v = -1 + 6. Suppose -19 = -v*w - 4. What is the units digit of w?
3
Suppose 0 = -0*m + 4*m - 116. Let n(k) = 4*k + 11. Let x be n(8). Let f = x - m. What is the tens digit of f?
1
Let b be 88/6*(-3)/(-2). Suppose 2*d - 4*d = -b. What is the units digit of d?
1
Suppose 8 = -4*a - 4*b, -4*b = 3*a + 5 + 1. Let r be 5 - (0 - a)*-1. Suppose -3 - r = -2*h. What is the units digit of h?
5
Let m(h) = 2*h**2 + 4*h - 1. What is the tens digit of m(3)?
2
Suppose 56 + 4 = 5*a. Suppose -f + 0*f = -a. Let t = f - 5. What is the units digit of t?
7
Let f = 12 + -9. Suppose 17 = f*a - 2*l - 3*l, 0 = 5*a + 2*l - 80. What is the tens digit of a?
1
Let r(s) be the third derivative of s**6/120 - 7*s**5/60 + s**4/4 + s**3/2 - s**2. What is the units digit of r(6)?
3
Let o be 80/13 - (-4)/(-26). Suppose 40 + o = 2*j. What is the units digit of j?
3
Let x = 126 - -97. What is the units digit of x?
3
Suppose -5*l = -5*n + 3*n + 42, -4*l - 24 = -n. What is the units digit of n?
6
Let b(k) = -4*k**2 - 2*k + 1. Let f be b(2). Let u = f - -35. What is the units digit of u?
6
Suppose 0 = -4*h - 3*w - 33, w = -2*w - 9. Let v = h + 8. What is the units digit of 4/v + 3 - -1?
6
Suppose -2*f = -4*r + 9 + 7, 19 = -3*f + r. Let w(t) = -t - 12. Let m be w(f). What is the units digit of (-10)/(-3)*m/(-4)?
5
Let p(c) = c**2 + 5*c - 45. What is the units digit of p(-14)?
1
Suppose -5*c + 32 = -148. What is the units digit of c?
6
Let c = 5 - -47. Let l = c + -36. What is the tens digit of l?
1
Let a(v) = 2*v**2 + 12*v + 12. What is the tens digit of a(-8)?
4
Let v(c) = 173*c + 13. What is the tens digit of v(2)?
5
Suppose 5*g - 18 = 2. Suppose 0*q = -g*q - 4*l, 0 = 4*l + 20. Let z = 1 + q. What is the units digit of z?
6
Suppose -t = -7 + 3. Suppose 3*s - 5*m - 105 = 0, -s + t*m - 15 = -57. What is the units digit of s?
0
Let p = -36 - 7. Let o = -14 + 74. Let a = p + o. What is the units digit of a?
7
Suppose 2*v - 5*v = 0. Let d = 2 + v. What is the units digit of d?
2
Let w(s) be the third derivative of s**7/630 - s**6/720 - s**4/24 - 2*s**2. Let n(a) be the second derivative of w(a). What is the units digit of n(-1)?
5
Let v(z) = z**3 - 5*z**2 - 4*z - 2. Let u be v(6). Suppose 0 = n + n - u. What is the units digit of n?
5
Let l(i) = -i**3 + 16*i**2 - 25*i - 28. What is the tens digit of l(13)?
5
Suppose 2*z = -2*z + 60. What is the tens digit of -1 - -1*(2 + z)?
1
Suppose -28 = 3*g - v - 11, 0 = 5*v - 10. Let y(r) = -r - 3. Let k be y(g). Suppose 2*h = 5*c - 2*h - 50, 2*c - k*h - 20 = 0. What is the units digit of c?
0
Let n = -32 + 121. Suppose 0 = -5*k + 5*l + 100, l - n = -4*k + 16. Suppose -2*a + 2*x - 8 = 0, x = -4*x + k. What is the units digit of a?
1
Let n be 4*((-36)/16 + 3). Suppose 5*u - 20 = 0, 0 = -4*f + n*u + u - 12. What is the units digit of f?
1
Let t(y) = -2*y**2 + 55*y - 14. What is the tens digit of t(22)?
2
Let s(y) be the second derivative of y**3/6 + 3*y**2 + y. Let l be s(-6). What is the units digit of 1 + (-1 - l)*-1?
2
Let o(v) = -v 